 8.
5
What is the value of 25 + (-21 - (-27 + 21))?
10
Evaluate 16 + (-18 + 11 - 13).
-4
What is the value of 24 + 4 + (-8 + 23 - (8 + 9))?
26
What is the value of 6 + (7 - (14 + 9)) + -15?
-25
(4 - 33) + 2 + 12
-15
Evaluate 5 + (-22 - -1) + -1.
-17
What is -1 + -15 + -6 + 18 + 1 + -7?
-10
Evaluate (0 - (2 - 1)) + (-21 - (-2 + -28)).
8
What is (-13 - -25) + -1 + -7?
4
What is (-31 - -13) + 11 - -19?
12
Evaluate -5 + (14 - (7 + -9)) + 5.
16
Evaluate (-14 - (33 - 24)) + (9 - -3).
-11
Calculate 5 - ((3 - -5) + -13 + 0).
10
Calculate -1 + 0 + -13 - (-1240 + 1250).
-24
Evaluate -13 + 5 - -13 - (1 + -12).
16
What is the value of (10 - (16 - -2 - -5)) + 10?
-3
Calculate 722 + -710 - (0 + 1 + 6) - -25.
30
What is 1 + (-7 - -5) - 7 - 14?
-22
What is the value of -5 + -2 + (7 - (6 - (-2 + 0)))?
-8
What is (48 - 0) + -37 + -47?
-36
What is 5 + (-8 - (-1 - 1)) + 5?
4
What is -1 - 11 - (-97 + 95)?
-10
What is the value of 1 - (-8 - (-8 - 4)) - 2?
-5
-7 + -16 + 39 + -32 - -15
-1
Calculate 2 - (6 + (4 - 5)) - 3 - -31.
25
What is ((15 - 12) + 1 - 0) + -1 + -19?
-16
Evaluate (2 - -1 - (15 + (-5 - 18))) + -9.
2
-5 + (8 - (12 - 10)) + (-1 - 1)
-1
Calculate (-2 - (30 - 21)) + 3.
-8
Evaluate -3 + (-7 - -8) + -1 - -5.
2
Evaluate 0 - (-5 + 6 + -25).
24
-34 + 64 + -6 + -42
-18
Calculate ((6 - -6) + -3 - 0 - 7) + 8.
10
What is -32 - (-2 + 19 + (-32 - -9))?
-26
Calculate 0 + (-16 - -13) + -10 - -6.
-7
What is 9 + 0 + -12 + 3 + -1 - -9?
8
-11 + 4 + -6 + 7 - -20
14
18 + (15 - ((4 - 5 - 3) + 12))
25
Evaluate 13 - 7 - 23 - -6 - (0 + -7).
-4
Evaluate -14 + 27 + (-2 - 7).
4
3 + -5 + (8 - 10) + -5
-9
4 + -10 + (2 - -4)
0
(14 - 6) + -5 + (8 + 4 - 7)
8
Evaluate 5 + 20 - 10 - 9.
6
Calculate -47 + 35 + (1 - -7) - -4.
0
What is the value of -12 - (-37 - (-14 + -2)) - -4?
13
Calculate 10 + (-13 + 2 - -2) + 2 + 36.
39
Evaluate 7 - 3 - (-102 + 100).
6
What is -1 + -17 + -19 + 35?
-2
What is (2 - 0) + (-15 - -10 - 1) + 9?
5
What is the value of (-24 - -17) + 6 + 1?
0
What is the value of -19 - (-10 + (6 - (-2 + 10) - -3))?
-10
What is -6 + 4 + 6 + -6 - 1 - -2?
-1
Calculate (-11 + 61 - 5) + 34 + -50.
29
Evaluate 23 + -23 + 20 + -22.
-2
Calculate 166 + -155 + (6 + -6 - (2 + -9)).
18
What is the value of -7 + 1 - (151 + -151)?
-6
What is (-3 - 1) + -16 + 15 + -1 + -5?
-11
What is the value of -3 + -8 + 3 + 8 + 5?
5
Evaluate 15 - (5 - (-22 - 10)).
-22
What is 6 - -1 - -21 - 14?
14
-5 + 0 - (-71 + 14 - -13 - -18)
21
What is the value of 10 + 6 + -5 + 3 + -10 - 14?
-10
-5 + 6 + 9 + (-24 - -1)
-13
-14 + (9 - 24 - -11 - -35)
17
12 + -8 + 10 + -8 + -8
-2
What is the value of (2 - 27) + (-5 - -18) - 3?
-15
Evaluate (108 + -109 - (-2 + -2)) + (-1 - -1).
3
What is 1 - -10 - (13 - (15 + 1))?
14
Evaluate (-31 + 39 - (-2 - -1)) + 8.
17
What is the value of (-1 - 1) + (-5 - 7) + 2?
-12
What is the value of (24 + -4 - 52) + (12 - -2)?
-18
Evaluate 17 + (-19 + 24 - 12).
10
Evaluate 8 + -15 + (2 - 2) + 3 - -19.
15
(-14 - -30) + 0 + -7 + 3
12
Evaluate 25 + -11 - ((5 - -5) + -7).
11
What is 6 - (2 - -1) - (34 - 40)?
9
Calculate 3 + (1 - (11 + (-5 - -1))).
-3
(-8 - (13 + (7 - 34))) + -8
-2
(7 - (33 + 28)) + 32
-22
11 + (-5 - -1) + 26 + 14 + -25
22
Calculate (-3 - (2 - 3) - (62 + -72)) + -4.
4
Calculate 12 + (-1 - 17) - 0.
-6
Calculate (-13 - -25 - 13) + 2 + (-1 - -5).
5
Calculate -17 + 2 + 2 + (5 - 7).
-15
What is 145 + -137 - (-4 - (7 - 0))?
19
Evaluate -18 - (4 - (13 + 3 - 6)).
-12
What is -47 - -70 - (7 + (-2 - 3 - -1))?
20
What is -1 + 0 - 9 - -6?
-4
Evaluate 10 + (-3 - -4) + -7 + (-2 - 5).
-3
Calculate -2956 + 2969 + (0 - 2) + -12.
-1
What is (6 - 16) + (-4 - ((-7 - -5) + -1))?
-11
-10 - (-1 + -8 - (17 + (-23 - 6)))
-13
Evaluate 45 - 33 - (-6 + 24).
-6
Calculate 9 - (-5 + 6 + -19 + 6).
21
What is -9 - (14 + -8 - (10 + 2))?
-3
Evaluate -3 + (12 - 6) - (-2 - -11).
-6
(5 - -1) + (-23 - -12) + 8
3
Calculate -3 + 2 - (5 + -9).
3
68 - (75 + -32) - (-1 + 7)
19
Calculate 10 + ((-4 - (1 - 7)) + 2 - 6).
8
Evaluate -4 - -10 - (3 - (9 - 6 - -4)).
10
What is the value of (-14 - -22) + (-23 - (-1 + 0))?
-14
What is the value of -3 + -27 - (11 - (15 + 5))?
-21
Evaluate (0 - 3) + 33 - (-1 - (9 + -9)).
31
What is (-571 - -587) + (-3 - (2 - 0))?
11
What is the value of 3 + 1 + -46 + 38?
-4
Evaluate 9 + (10 - -2) - 3.
18
Evaluate 11 - (-1 + (0 + 0 - (35 + -38))).
9
(10 - 9) + -4 - -8
5
(15 - (0 + 37)) + 10
-12
Evaluate 23 - 18 - 2 - -11.
14
Calculate (17 - 11) + (5 - (-5 + 0)).
16
What is 6 + (6 + -2 - (-24 - -28))?
6
Evaluate (-23 - (4 - 3)) + 25.
1
21 - (8 + (11 + -14 - (0 - 0)))
16
What is the value of 37 - 43 - (-3 + -5 + -5)?
7
What is the value of 4 - 3 - (-24 + 16 + 14)?
-5
(5 - 5) + 20 - (2 + 11)
7
Evaluate (-14 - -14 - (-9 + -2)) + -27.
-16
Calculate 19 + (-7 - (1 - 18)) - 14.
15
What is the value of -1 - 25 - -13 - -10 - 0?
-3
-10 - (23 + 9 + -16 + (6 - 3))
-29
What is the value of (-8 - -3) + -1 + 3?
-3
0 + -9 + 1 + (-567 - -575)
0
13 + -5 + (-12 - -4) + 6
6
Evaluate -2 + -18 - (5 + -25).
0
Evaluate -45 + 12 + (-7 + 7 - -1).
-32
23 + (-16 + (-4 - -9) - -8) - 0
20
What is the value of (9 - (9 + 10 + -20)) + -16 - 10?
-16
-41 + 1 + 50 + -27
-17
What is 103 + 0 + -72 + (-8 - -1)?
24
What is (-10 - (-6 + 15)) + 0?
-19
Evaluate 0 + 0 + 7 - (15 - (-4 - -1)).
-11
Calculate -5 - (13 + (-2 - (-4 + 12))).
-8
What is -9 - (8 - (3 + -5 + 2))?
-17
Evaluate 1 + -8 + (-8 - -21).
6
Evaluate 0 - -1 - 4 - (-57 + 51) - 11.
-8
What is -1 - ((-6 - -6 - -1) + -7 + -2)?
7
Calculate 0 + (-10 - 7) + 41.
24
Calculate (-4 - 1) + (-3 + -20 - -25).
-3
What is the value of (-24 - -30) + -41 - -30?
-5
(7 - 13) + 15 + -4
5
-1 - -6 - (6 - 27 - (-21 - -9))
14
Evaluate 2 + 8 - (126 - 128).
12
Evaluate 2 + (6 - ((3 - -3) + -5)) + -17.
-10
What is the value of 11 + -11 + (4 - -1)?
5
Evaluate 0 + -13 + 5 + -1 + 4.
-5
What is (11 + 14 - 13) + -1 + -9?
2
Calculate -9 + 3 - (-1 - (11 - 6)).
0
What is 1 + (7 - 24) + -3?
-19
-15 - (3 + 0 + -12 + 4 - 0)
-10
What is the value of -2 + (-1 - 10) + (6 - 14)?
-21
What is (-9 - (8 + (-17 - 17))) + -16?
1
Calculate (-9 - -1 - (-51 - -45)) + 8.
6
9 + (3 - 5) + (-22 - 17) + 15
-17
Calculate (-4 - (-1 + (7 - 11) - -1)) + -5.
-5
Calculate -14 - (-10 + 14 + -18).
0
What is the value of -2 + -6 + -3 + (4 - 21 - -12)?
-16
Calculate (3 - 3) + 1 - (4 - 4).
1
Evaluate -18 + 7 + -3 + 4.
-10
-1 + -12 + -3 + 8 + 0 + 6
-2
Evaluate 24 + (16 - 26 - 7).
7
Calculate 8 - 31 - (-46 - -20).
3
-3 + (-25 - -32) - -12
16
Calculate -5 - (-2 + (3 - 1)).
-5
26 - (35 + -6) - 5
-8
(-10 - (9 - 16)) + (-5 - -7)
-1
What is (-4 + 0 - -12) + -23 + 12?
-3
Evaluate -50 - -54 - (1 - -1) - (-2 + -3).
7
What is (10 - (-2 - -3)) + 2 + -3 + 1?
9
1 + (-9 - (2 - (1 + -4)))
-13
What is 17 - 36 - ((2 - -1 - 5) + 2)?
-19
Calculate -2 - (-13 - (3 + -10)) - 11.
-7
-11 - (-10 + (5 - 3) + 10)
-13
What is 41 - (-26 + 67) - -36?
36
What is the value of -1 + 2 + (13 - (14 + 5))?
-5
-12 + 12 + -22 + -2 + 7
-17
What is the value of -1 + 0 + -2 + 0 - (51 + -44)?
-10
(12 - (1 + 8)) + -17
-14
What is (-7 - -12) + 10 + -6 + (4 - 1)?
12
What is -33 + (3 - 30 - -84)?
24
7 - (6 - (1 - -3))
5
What is the value of -2 + (5 - 3) - (-4 - 2 - -11)?
-5
Evaluate 35 + (-37 - -33) + -32.
-1
What is the value of -7 + (9 - -2 - -2)?
6
What is -13 - (-93 - -56 - (0 + -5))?
19
What is -12 + (-1 - 1 - (482 + -466))?
-30
(6 - (17 + -25)) + (-4 + 6 - 8)
8
What is 17 - (21 + 4 + -23)?
15
What is the value of 18 + -5 - 6 - (15 - 0)?
-8
-2 + 0 + 2 - (2 - (2 + -1))
-1
Calculate 1 + -16 + -42 + 50 - (-1 + -29).
23
What is the value of 2 + -3 + -2 - (-46 - -58) - -4?
-11
-2 + (2 + -4 - (-150 - -155))
-9
What is the value of (-13 - (-17 - -13)) + 0?
-9
-31 + (31 - (25 + -12))
-13
What is 16 + 5 + -10 + 0 + -1 + 2?
12
What is -16 - -2 - (1 - -1)?
-16
Calculate (13 - (4 + (4 - -5))) + -6.
-6
What is the value of -2 - 4 - (-36 + 40 + 7)?
-17
What is 49 + (-9 - (30 + -14))?
24
What is -9 + (39 - 16) + -14?
0
6 + (-27 - (10 + -7) - -7)
-17
What is 4 + 2 + 107 + -126?
-13
What is (2 - (12 - 5)) + (-2 - -4) - 5?
-8
Calculate -17 + (13 - (-15 + 21)).
-10
What is (3 - (-2 - -2)) + (-22 - -22)?
3
Calculate 18 - (14 - (9 - 55 - -16)).
-26
Evaluate -2 + -2 + 6 + -48 + 52 + 9.
15
(13 + (6 - 2) - 4) + -301 + 298
10
Calculate -7 + 18 + -15 + (-21 - -2).
-23
Evaluate -7 + (2 - 6) - (-8 + -4 + 9).
-8
Eval